at is the highest common factor of f and o?
11
Let m(v) = 2*v**2 + v - 3. Let p be m(2). Suppose -2*i + 311 = 5*u - i, 4*u - 240 = -3*i. Calculate the highest common divisor of p and u.
7
Let a be (-2)/(-3) + 8/(-12). Suppose a = 3*f - 5*f + 18. What is the highest common divisor of f and 9?
9
Let r be 4/(((-6)/(-94))/3). Suppose -3*n + r = -64. Calculate the highest common factor of 21 and n.
21
Let a(w) = w**3 + 9*w**2 + 9*w + 9. Let o be a(-6). Let g(m) = m**3 - 3*m**2 - 4*m + 9. Let r be g(4). Calculate the highest common divisor of o and r.
9
Let k = -29 - -44. What is the greatest common factor of 15 and k?
15
Let l(f) = -f**2 + 5*f - 4. Suppose 2*a + s = 14, 2*s - s = -5*a + 32. Let b be l(a). Let g be b/(-2)*(0 + 2). What is the greatest common factor of 60 and g?
10
Let q(x) = -4*x. Let k be q(-3). Let s(y) = -y**2 + 4*y - 1. Let l be s(3). Suppose l*d - 4*d = -72. Calculate the highest common factor of k and d.
12
Suppose 0 = -4*p + 2*p - 3*g + 15, -3*p = -g - 28. What is the highest common divisor of p and 9?
9
Let o = -54 - -103. Let y(u) = -98*u. Let z be y(1). Let q be (-102)/(-14) + 28/z. Calculate the highest common divisor of o and q.
7
Let w = 203 + -107. Suppose -v + 1 + 19 = -2*i, -12 = 3*i. Calculate the highest common divisor of v and w.
12
Let i(g) = g**3 + 10*g**2 - 5*g + 10. Let b be i(-10). Suppose -31 = -4*y + 17. What is the greatest common divisor of y and b?
12
Suppose -3*d - 5*u - 12 + 28 = 0, 20 = -5*u. What is the highest common divisor of d and 6?
6
Let g(k) = 3*k**2 - 6*k - 5. Let s be g(-6). Let w = -58 + s. What is the greatest common factor of w and 9?
9
Let z(c) = c - 5. Let g be z(5). Let m = g + 7. Suppose 10*u = 4*a + 5*u - 43, -a + 4*u + 19 = 0. Calculate the greatest common factor of a and m.
7
Let b = -16 - 37. Let q = 123 + b. What is the greatest common divisor of q and 10?
10
Suppose 0 = 5*n + 4*c - 28, -4*c + 1 = n + 5. Let d be 38/8 - 12/16. Suppose 4*l = -8, i + 4*i - 18 = d*l. Calculate the highest common divisor of n and i.
2
Let m be 328/18 - (-2)/(-9). Let q = m + -13. Suppose -4*r + 65 = q*p, r - 15 = p - 2*p. What is the highest common divisor of r and 90?
10
Suppose 0 = -3*o - 0*o + 60. Let f(t) = -t**3 + 3*t**2 - 2*t. Let v be f(3). Let k = v + 8. What is the highest common factor of k and o?
2
Suppose 0 = d - 16 - 2. Suppose r - d = -r. What is the greatest common factor of r and 3?
3
Suppose -4*n = -5*u + 44, -n = 2*u - 5*n - 20. What is the greatest common factor of 72 and u?
8
Suppose -k = -2*g - 11, 0 = -3*k + 3*g + 15 + 6. What is the greatest common divisor of k and 2?
1
Let y(r) be the second derivative of r**4/6 + 5*r**3/6 + r**2 - 2*r. Let k be y(-3). Let b be 28/(k/(5/2)). Calculate the highest common divisor of b and 7.
7
Suppose 3*j = -2*j + 165. Calculate the greatest common factor of j and 11.
11
Let m = 54 + -41. Suppose -5*u + 278 = 3*k, 2*k + 0*u - 179 = 3*u. Calculate the greatest common divisor of m and k.
13
Suppose t - f + 11 = 2*t, -t + f + 9 = 0. Calculate the greatest common divisor of t and 30.
10
Suppose -4*d + 4 = -12. Let s = -1 + 32. Let f = s + -19. Calculate the highest common factor of d and f.
4
Let f = -187 + 392. Calculate the greatest common factor of 82 and f.
41
Let j(l) = l**2 - 13*l - 1. Let u be j(14). What is the greatest common divisor of u and 13?
13
Let g be -8*1 + 4 + 8. Calculate the highest common factor of 1 and g.
1
Suppose -4*p = -4*k, -2*p + 4*p = -3*k + 10. Suppose v = 4*v - 114. Let b = -20 + v. What is the greatest common divisor of k and b?
2
Let v(b) = 4*b - 3. Let x be v(2). Let u(a) = a**3 - 6*a**2 + 6*a. Let q be u(5). What is the greatest common factor of x and q?
5
Let u = -9 + 142. Calculate the highest common factor of u and 38.
19
Suppose -2*n - 2 = -6. Suppose 0 = -5*j + n*s + 2, 0 = -4*j + 3*s - 4. Let c be ((-1)/j)/(1/(-8)). Calculate the greatest common divisor of 4 and c.
4
Suppose -h + 190 = 5*w - 5*h, -5*w = -5*h - 195. Suppose 12*i - 664 = 8*i. Let f be i/10 - (-4)/10. What is the highest common divisor of w and f?
17
Let i be 6620/50 - (-2)/(-5). What is the highest common factor of i and 12?
12
Suppose -145 = -5*x - 4*g, -5*g = 4*x - 119 + 12. Calculate the highest common divisor of 44 and x.
11
Let s be (-4)/18 - 296/(-36). Let a = s + -5. Suppose -a*w - o + 274 = 0, 5*w - 5*o = -35 + 465. Calculate the highest common divisor of 10 and w.
10
Suppose 9*r + 15 = -21. Let u = -5 - -2. Let j be (21/r)/(u/8). Calculate the greatest common divisor of 14 and j.
14
Let s = -5 - -48. What is the greatest common factor of s and 344?
43
Let b(g) = 3*g**2 + g + 1. Let x be b(2). What is the highest common factor of x and 15?
15
Let y be 2/5 - (-33)/5. Suppose -w + 331 = y. Suppose 3*f = 5*f + 2*k - w, 4*k = f - 162. What is the greatest common divisor of 18 and f?
18
Let z(d) = -d**2 - 12*d + 5. Let n be z(-8). Let j = -90 - -185. Suppose j = 4*k - n. Calculate the highest common factor of 3 and k.
3
Let j(l) = 2 - 4 + l**2 + 6*l + 9. Let p be j(-6). Suppose 0*h = y - 4*h - 63, 4*h + 252 = 4*y. Calculate the greatest common factor of p and y.
7
Let j(x) = -65*x - 1. Let z be j(-1). Let c(n) = -n**2 + 2*n + 32. Let t be c(6). What is the highest common factor of t and z?
8
Let y(j) = j**2 - 4*j. Let v be y(-6). Suppose s = -5*x + 20, 3*s = 3*x - x + v. Suppose 0 = -3*o - o + s. Calculate the greatest common divisor of o and 10.
5
Suppose -2*d - 2*d = -52. What is the highest common factor of 117 and d?
13
Let p(l) = -1 - 31*l**3 - 2*l - l**2 + 25*l**3 - 109*l**3. Let q be p(-1). What is the highest common divisor of q and 23?
23
Let m(d) = 13*d**2 + 51*d + 72. Let a(h) = 3*h**2 + 13*h + 18. Let t(j) = 9*a(j) - 2*m(j). Let q be t(-15). Calculate the greatest common divisor of q and 12.
6
Let k(u) = -4*u + 3. Let w be k(-2). Let f(p) = 14*p - 7. Let z be f(6). What is the highest common divisor of w and z?
11
Let c = 2 - -8. Let y be (126/35)/(2/c). What is the greatest common factor of y and 9?
9
Let q be (-16)/2*(-5)/(-10). Let k be (-6)/q*(-4)/(-3). Suppose -k*i + 0*i + 308 = 0. What is the greatest common divisor of i and 14?
14
Suppose 0 = k + 3 - 0, -2*c + 2*k + 54 = 0. Calculate the highest common divisor of c and 6.
6
Let k = -12 - -61. Let w = 2 + 0. Suppose -20 - 10 = -5*b + 5*y, -4*y = w*b - 18. Calculate the greatest common divisor of b and k.
7
Let w(b) = -26*b + 1. Let p be w(-11). What is the highest common divisor of 41 and p?
41
Suppose -2*v - 128 = -u - 0*u, -508 = -4*u + 4*v. Calculate the greatest common factor of u and 18.
18
Suppose 0 = 3*g + 2*v + 24 - 843, 2*g - v = 553. Let b = g + -154. Let k = 8 - -3. What is the highest common factor of k and b?
11
Let o = 11 - -4. Suppose -61 - 59 = -4*w. What is the highest common divisor of o and w?
15
Suppose -3*k - 4*g = g - 14, 2*g = 2. Calculate the greatest common factor of 3 and k.
3
Let m(v) = v - 10. Let l be m(10). Suppose l = -3*j + 7*j - 40. Calculate the greatest common divisor of 110 and j.
10
Let l(a) = -a**3 - 2*a**2 + 2. Let n be l(-3). Let d(t) = -2 + 0 - 3 - n*t. Let b be d(-7). What is the greatest common divisor of b and 12?
12
Let f = -31 - -51. Suppose f = 4*h + h. What is the highest common divisor of 1 and h?
1
Let c(m) = -m**3 - 13*m**2 + 12*m - 10. Let t be c(-14). Calculate the highest common divisor of t and 2.
2
Let i = 43 - 25. Let q(u) = u**2 + 6*u - 2. Let b be q(-5). Let o = i + b. Calculate the highest common factor of o and 77.
11
Let t be (-27)/(-4 - 74/(-20)). What is the greatest common divisor of 36 and t?
18
Let i(g) = -g**2 + 11*g - 8. Let m be i(7). What is the highest common divisor of m and 10?
10
Let j(h) = 8*h - 1. Let l be j(2). What is the greatest common divisor of 3 and l?
3
Let v be (6 + 0)*1/3 - -64. What is the highest common factor of v and 22?
22
Let g = 28 + -15. Calculate the highest common factor of 104 and g.
13
Suppose 0 = 2*c - n - 98, 2*c + 2*n - 69 - 35 = 0. Calculate the highest common factor of 75 and c.
25
Let j(n) = -22*n - 13. Let a(d) = 1. Let u(o) = 4*a(o) + j(o). Let y be u(-7). Suppose 4*q - 31 - y = 0. What is the greatest common factor of q and 11?
11
Let d be (-164)/(-4) - 1/1. Let m = 17 + -12. Calculate the greatest common factor of m and d.
5
Let p be (-1 - -2)*1*9. Suppose -2*i 